 - 1678*a**3 - 1681*a**3 + 3360*a**3 + 47*a**2 + 138. Is k(-44) prime?
False
Let y(m) = 2*m**2 + 6*m + 3. Let d be y(-2). Let g = d - -14. Suppose 3868 = g*f - 9*f. Is f a prime number?
True
Let a = 247 + -244. Suppose -2*r = -3*r - a*i + 2087, 0 = -2*r - i + 4164. Is r prime?
True
Let p be 212/18 - 2/(-9). Let y be (-2 - 26/4)/((-3)/p). Is y/(-3)*(4 + (-418)/4) a prime number?
False
Let m = 193 + -129. Let h = -62 + m. Is (105/30)/((-2)/((-808)/h)) a composite number?
True
Suppose 8*a + 4*a + 92714 = 708950. Is a prime?
False
Let d be -62*(358/12 + (-2)/6). Let t = d + 1301. Let q = -325 - t. Is q a prime number?
False
Suppose -24*u - 246104 = -1025888. Is u composite?
False
Let w be ((-2)/(-4))/((77/(-44))/(-7)). Suppose 60 - 942 = -2*o + w*i, o - 425 = -3*i. Is o a prime number?
False
Let j = -102158 - -208401. Is j prime?
True
Let q be 1622/15 - 6*8/360. Is (-4)/(-18) + 316092/q composite?
False
Let y = 805696 - 479555. Is y prime?
True
Let b(q) = -10*q**3 + 11*q**2 + 13*q + 59. Let a be 10/(-6)*-2*(-276)/115. Is b(a) a composite number?
False
Let f(d) = -41*d**3 - 3*d**2 - 5*d + 12. Let a(i) = 123*i**3 + 8*i**2 + 16*i - 36. Let z(l) = 3*a(l) + 8*f(l). Is z(7) a composite number?
False
Suppose -3634 - 6571 = -5*v. Suppose -v = -i + 1836. Is i composite?
False
Is (-5207821)/(-92)*(4 + 0) a composite number?
False
Let k = 3265 + 8412. Is k a prime number?
True
Is (-6 - -7)/((-20)/(-5269780)) prime?
True
Suppose -28 = d - 15. Let z be 2/d + (-77136)/39. Let f = -581 - z. Is f composite?
True
Let i be (-1)/(6/4)*(-39)/1. Suppose 7*p = i + 16. Suppose -10*s = -p*s - 3*r - 1582, -788 = -2*s + 3*r. Is s a prime number?
True
Let h = 5399 - 2678. Let r = -1054 + 1057. Suppose r*d + w = h, -6*d + 4*d + w + 1814 = 0. Is d composite?
False
Let t(a) = -10*a**3 + 42*a**2 + 17*a + 34. Is t(-15) prime?
True
Let d(r) be the first derivative of 11*r**4/2 - r**3/3 - r**2/2 - 19*r + 30. Is d(6) prime?
True
Let j be (-6)/4*(-11)/((-44)/(-35560)). Let u = j - 7822. Is u composite?
True
Let w(f) = -22*f - 278. Let b be w(-13). Suppose b*u = 39302 + 11490. Is u a prime number?
False
Let g = -1852971 + 2664982. Is g composite?
False
Suppose -302*u = -307*u + 53645. Is u a prime number?
True
Let u(k) = -5*k + 54. Let p be u(12). Let r(y) = -10*y**3 + 5*y**2 - 13. Let t be r(p). Let v = -764 + t. Is v composite?
True
Suppose 4*y + 3*s = 6*y - 46, 0 = -5*y + 5*s + 110. Suppose 0 = -y*f + 13814 + 77846. Is f prime?
True
Let k = -2657 - -1734. Let w = k + 5058. Is w a composite number?
True
Let q be (-715)/(-26) - 2/4*1. Let i be -3 - -5 - 9/(q/(-960)). Suppose -2*s + 1370 = 3*v + i, 0 = 2*s - 5*v - 1064. Is s composite?
True
Is 2*(-1)/2*((-3 - 771990) + 22) composite?
False
Suppose 3*n - 4*s = -8*s + 85202, -2*n + 56802 = 2*s. Suppose q + 20124 = 2*y, 1785 = 3*y - 2*q - n. Is y a composite number?
False
Let l = 6249 - 230. Suppose 22*f = -l + 71997. Is f prime?
True
Let h(t) = 8*t**2 + 6*t + 7. Let i be h(-10). Suppose 0 = -j + s + 1968, 5*j + 0*s = 4*s + 9844. Let r = i + j. Is r composite?
False
Let p(h) = 34360*h - 4358. Is p(7) a prime number?
False
Suppose -k - 1 = -2. Suppose 143 = c + 2*o, 0 = o - 3 + k. Is c + (3 - (3 + 0/(-3))) a composite number?
False
Let g(n) = 175*n**3 - n**2 - 54*n + 747. Is g(17) a prime number?
False
Let s(a) = 64452*a - 1405. Is s(3) composite?
True
Let u(v) = -10*v**3 - 11*v**2 + 132*v + 556. Is u(-21) composite?
True
Let x(t) = -118*t**3 - 52*t**2 - 122*t + 23. Is x(-24) a composite number?
False
Let i(m) = 2*m + 8. Let b be i(-3). Is 0 - (-17)/(((-2)/(-7))/b) a composite number?
True
Let z = -106793 - -247134. Is z a prime number?
False
Suppose -5*p + 490659 = 3*g, 2*g - 100*p = -102*p + 327098. Is g a prime number?
True
Let q = -42568 + 59541. Is q composite?
True
Let o(m) = -2*m + 12. Let u be o(4). Is 6 - (u + 15)*-67 prime?
True
Let l(f) be the third derivative of 16/3*f**3 - 13/60*f**5 + 0 + 1/2*f**4 + 1/120*f**6 - 10*f**2 + 0*f. Is l(15) composite?
True
Suppose -5*b = 2*s - 735832, 0 = -s + 3*b - 6*b + 367919. Is s a prime number?
False
Let x = -154913 - -244944. Is x composite?
False
Let u = -855 - -1219. Let b = -1068 + u. Let r = b + 1147. Is r a composite number?
False
Let h(o) = 7284*o**2 + 10*o + 9. Suppose 4*z + d = 6*d + 11, 3*z - 3*d = 6. Is h(z) composite?
False
Let k(q) = -q + 6. Let m be k(5). Suppose -3*h + m - 9 = 5*p, 20 = 5*h. Is (-122 + (p - -2))*55/(-20) composite?
True
Let f = -538 - 230. Let z = f - -2477. Is z a prime number?
True
Suppose 2*q + 338 = -s + 5*s, -5*q + 303 = 4*s. Let l = s - 88. Is -6*(-2 - (-165)/l) a composite number?
True
Suppose v = -3*p + 131, 0 = 2*v - 3*p + 49 - 320. Suppose 5*d + 2457 = 2*o, 3*o + 4*d + v = 3877. Is o a composite number?
True
Let v = -234 + 274. Is 1/(-8) - (-3 - 28645/v) a composite number?
False
Suppose 5*f - 21877 = f + y, -5*f + y = -27346. Suppose -o = -3*l - 4*o + 16392, 0 = -l + 4*o + f. Suppose l = z + 1830. Is z prime?
False
Let l be 6*(3 - (1 - (-4)/4)). Suppose 5*a = -0*a - 2*n + 15, -2*a = -4*n - l. Suppose -2*f - 2*i + 224 - 68 = 0, a*i - 70 = -f. Is f prime?
False
Let r = 20015 + -8796. Is r a composite number?
True
Suppose 83562 = -30*d + 36*d. Suppose 14*q - d = 16299. Is q prime?
False
Let p = 186 - 184. Suppose -4*l = 2*c - 5586, 0 = p*c + 2*c + 20. Is l a prime number?
True
Let h = -152346 - -512737. Is h prime?
True
Let k be 4/2 + 2876 + 4. Let i = -83 + 86. Suppose -4*v = -7*v - s + k, 5*v = i*s + 4780. Is v prime?
False
Suppose 0 = -46*s - 247214 + 1699940. Let k = s + -20308. Is k a prime number?
True
Suppose -2511 - 8681 = -4*i. Let o be 14/21 - i/3. Let n = -147 - o. Is n composite?
True
Let t = 306610 + -174909. Is t a prime number?
True
Suppose 0 = -139*v + 9995880 + 8198460 + 6511381. Is v prime?
True
Let n(f) = 2*f**3 + 15*f**2 + 7*f + 5. Let j be n(-7). Suppose 3*u - 14 = -2*h + 7*u, -20 = -3*h + j*u. Is (((-5132)/h)/4)/(1/(-5)) a prime number?
True
Let r be 3342/8*16/(-6)*-1. Let c = 4316 - r. Suppose -d + c = d. Is d composite?
False
Suppose -k + 45 = 2*t, 2*t - 62 = 3*k + 3. Let v(m) = -23*m**2 + 8*m + 11. Let l be v(-2). Let g = t - l. Is g a composite number?
True
Let o = 354273 + -234622. Is o a prime number?
False
Let t(a) = -4*a**3 + 4*a**2 + 6*a + 5. Let j be t(-11). Suppose -5*o - j = -2*x - 0*o, -5*x + 14310 = -o. Is x composite?
False
Suppose 103*m = 101*m + 10. Suppose -m*i + 29517 = -2*q, -i - 4*q + 5898 = q. Is i prime?
True
Let x = -13368 - -18586. Is x a prime number?
False
Suppose 4959480 = 2*p + 4*d, -5*p - 5*d = -13537794 + 1139059. Is p composite?
True
Let d(x) = -3036*x + 90. Let l be d(7). Is (l/4)/(((-216)/16)/9) prime?
True
Let f(o) = -4*o**2 + o + 15528. Let q be f(0). Suppose 21*a = -3*a + q. Is a composite?
False
Let u(c) = 85*c**2 + 16*c + 11. Let o = -3 - -11. Let q be u(o). Suppose 5*r - 12*r = -q. Is r a prime number?
True
Let c(l) = -1497*l - 911. Is c(-26) a composite number?
False
Suppose 2*y + a = 145226, 6*y - 2*a = 11*y - 363065. Is y a composite number?
False
Let n(j) = -53*j**3 - 16*j**2 - 15*j - 32. Let u be n(-12). Suppose 18*i - u = -20290. Is i composite?
True
Let g(b) = -b**3 - 9*b**2 - 10*b + 20. Let x be g(-7). Is (7318/x)/(80/(-320)) a prime number?
True
Let d = -1963 + 3417. Let l = d - 838. Suppose -2*j = -2*z + l, -5*z + j + 926 = -2*z. Is z composite?
True
Let m = -2 - 159. Let b(y) = -y**3 + 19*y**2 - 16*y - 20. Let n be b(16). Let g = m + n. Is g prime?
True
Let u(g) = 64151*g**3 - 244*g**2 + 244*g. Is u(1) a prime number?
True
Suppose -2*l + 917 + 181 = 0. Suppose -13*s + 10*s = -l. Let u = s - 124. Is u prime?
True
Suppose -2*z = 1479 + 1021. Suppose v = 5*n - 363, 4*v - 3*n + 2*n = -1376. Let p = v - z. Is p composite?
False
Let n be (-1082)/4*(-5)/((-25)/120). Let z = n - -10163. Is z composite?
False
Let i be (2387/(-33))/(((-2)/(-6))/(-1)). Suppose -i = 13*v - 20*v. Is v prime?
True
Let i(n) = n**2 + 3*n - 24. Let d be i(4). Suppose -4*x + 24 = -b + 3*b, 3*x = b + 8. Suppose c = 5*c + 3*p - 1636, -x*c + 1636 = d*p. Is c a prime number?
True
Let y(c) = 7363*c + 208. Is y(7) a composite number?
False
Suppose 0 = 2*z - 4*w - 357990, 94*w - 95*w = 2*z - 357980. Is z composite?
True
Let i(a) = 180*a**3 - 11*a**2 + 41*a + 47. Is i(8) a composite number?
True
Let x(p) = -4*p - 6.